{"version":"1.0","provider_name":"Blog de costura, ganchillo y punto | Blog de Katia","provider_url":"https:\/\/www.katia.com\/blog\/es\/","author_name":"Marisa Guerrero | Katia Team","author_url":"https:\/\/www.katia.com\/blog\/es\/author\/nuriacastello\/","title":"Nomada: la lana sostenible llega a Madrid Fashion Week con Mar\u00eda Lafuente","type":"rich","width":600,"height":338,"html":"<blockquote class=\"wp-embedded-content\" data-secret=\"ShNv6QPk5g\"><a href=\"https:\/\/www.katia.com\/blog\/es\/nomada-katia-fashion-week-madrid-maria-lafuente\/\">Nomada, lana km 0 made in Spain, llega a la pasarela Madrid Fashion Week gracias a los dise\u00f1os de Mar\u00eda Lafuente<\/a><\/blockquote><iframe sandbox=\"allow-scripts\" security=\"restricted\" src=\"https:\/\/www.katia.com\/blog\/es\/nomada-katia-fashion-week-madrid-maria-lafuente\/embed\/#?secret=ShNv6QPk5g\" width=\"600\" height=\"338\" title=\"\u00abNomada, lana km 0 made in Spain, llega a la pasarela Madrid Fashion Week gracias a los dise\u00f1os de Mar\u00eda Lafuente\u00bb \u2014 Blog de costura, ganchillo y punto | Blog de Katia\" data-secret=\"ShNv6QPk5g\" frameborder=\"0\" marginwidth=\"0\" marginheight=\"0\" scrolling=\"no\" class=\"wp-embedded-content\"><\/iframe><script type=\"text\/javascript\">\n\/* <![CDATA[ *\/\n\/*! This file is auto-generated *\/\n!function(d,l){\"use strict\";l.querySelector&&d.addEventListener&&\"undefined\"!=typeof URL&&(d.wp=d.wp||{},d.wp.receiveEmbedMessage||(d.wp.receiveEmbedMessage=function(e){var t=e.data;if((t||t.secret||t.message||t.value)&&!\/[^a-zA-Z0-9]\/.test(t.secret)){for(var s,r,n,a=l.querySelectorAll('iframe[data-secret=\"'+t.secret+'\"]'),o=l.querySelectorAll('blockquote[data-secret=\"'+t.secret+'\"]'),c=new RegExp(\"^https?:$\",\"i\"),i=0;i<o.length;i++)o[i].style.display=\"none\";for(i=0;i<a.length;i++)s=a[i],e.source===s.contentWindow&&(s.removeAttribute(\"style\"),\"height\"===t.message?(1e3<(r=parseInt(t.value,10))?r=1e3:~~r<200&&(r=200),s.height=r):\"link\"===t.message&&(r=new URL(s.getAttribute(\"src\")),n=new URL(t.value),c.test(n.protocol))&&n.host===r.host&&l.activeElement===s&&(d.top.location.href=t.value))}},d.addEventListener(\"message\",d.wp.receiveEmbedMessage,!1),l.addEventListener(\"DOMContentLoaded\",function(){for(var e,t,s=l.querySelectorAll(\"iframe.wp-embedded-content\"),r=0;r<s.length;r++)(t=(e=s[r]).getAttribute(\"data-secret\"))||(t=Math.random().toString(36).substring(2,12),e.src+=\"#?secret=\"+t,e.setAttribute(\"data-secret\",t)),e.contentWindow.postMessage({message:\"ready\",secret:t},\"*\")},!1)))}(window,document);\n\/* ]]> *\/\n<\/script>\n","thumbnail_url":"https:\/\/www.katia.com\/blog\/wp-content\/uploads\/2023\/05\/nomada-72-564x314-8.jpg","thumbnail_width":564,"thumbnail_height":314,"description":"La dise\u00f1adora Mar\u00eda Lafuente cuenta con Nomada, lana sostenible de Made in Slow, en su colecci\u00f3n \u00c2me presentada en Madrid Fashion Week."}

Nomada: la lana sostenible llega a Madrid Fashion Week con María Lafuente

<blockquote class="wp-embedded-content" data-secret="ShNv6QPk5g"><a href="https://www.katia.com/blog/es/nomada-katia-fashion-week-madrid-maria-lafuente/">Nomada, lana km 0 made in Spain, llega a la pasarela Madrid Fashion Week gracias a los diseños de María Lafuente</a></blockquote><iframe sandbox="allow-scripts" security="restricted" src="https://www.katia.com/blog/es/nomada-katia-fashion-week-madrid-maria-lafuente/embed/#?secret=ShNv6QPk5g" width="600" height="338" title="«Nomada, lana km 0 made in Spain, llega a la pasarela Madrid Fashion Week gracias a los diseños de María Lafuente» — Blog de costura, ganchillo y punto | Blog de Katia" data-secret="ShNv6QPk5g" frameborder="0" marginwidth="0" marginheight="0" scrolling="no" class="wp-embedded-content"></iframe><script type="text/javascript">
/* <![CDATA[ */
/*! This file is auto-generated */
!function(d,l){"use strict";l.querySelector&&d.addEventListener&&"undefined"!=typeof URL&&(d.wp=d.wp||{},d.wp.receiveEmbedMessage||(d.wp.receiveEmbedMessage=function(e){var t=e.data;if((t||t.secret||t.message||t.value)&&!/[^a-zA-Z0-9]/.test(t.secret)){for(var s,r,n,a=l.querySelectorAll('iframe[data-secret="'+t.secret+'"]'),o=l.querySelectorAll('blockquote[data-secret="'+t.secret+'"]'),c=new RegExp("^https?:$","i"),i=0;i<o.length;i++)o[i].style.display="none";for(i=0;i<a.length;i++)s=a[i],e.source===s.contentWindow&&(s.removeAttribute("style"),"height"===t.message?(1e3<(r=parseInt(t.value,10))?r=1e3:~~r<200&&(r=200),s.height=r):"link"===t.message&&(r=new URL(s.getAttribute("src")),n=new URL(t.value),c.test(n.protocol))&&n.host===r.host&&l.activeElement===s&&(d.top.location.href=t.value))}},d.addEventListener("message",d.wp.receiveEmbedMessage,!1),l.addEventListener("DOMContentLoaded",function(){for(var e,t,s=l.querySelectorAll("iframe.wp-embedded-content"),r=0;r<s.length;r++)(t=(e=s[r]).getAttribute("data-secret"))||(t=Math.random().toString(36).substring(2,12),e.src+="#?secret="+t,e.setAttribute("data-secret",t)),e.contentWindow.postMessage({message:"ready",secret:t},"*")},!1)))}(window,document);
/* ]]> */
</script>

La diseñadora María Lafuente cuenta con Nomada, lana sostenible de Made in Slow, en su colección Âme presentada en Madrid Fashion Week.
